et r be 1/2 + 33/6. Suppose -3*m + r + 3 = 0, 4*o - 12 = -4*m. Let s(c) = -c**2 - c + 26. Calculate the remainder when s(o) is divided by 14.
12
Let r be (-3)/1 + (43 - 4). Suppose -4*n = -n - r. What is the remainder when 34 is divided by n?
10
Let s(w) = 5*w**2 + 2*w + 2. Calculate the remainder when s(-3) is divided by (-4 - -1)/((-6)/28).
13
Let j(d) = -d**3 + 7*d**2 - 4. Let i be j(6). Suppose -2 = -2*t - i. Let n = 41 + t. What is the remainder when n is divided by 14?
12
Suppose 51 = 3*h - 21. Calculate the remainder when 71 is divided by h.
23
Suppose 4*o = -12, -5*k + o = -0*o - 78. Calculate the remainder when k is divided by 5.
0
Let k = 61 + -36. Let v be (1 + 1 + -1)*0. Suppose v*f = -f + 13. Calculate the remainder when k is divided by f.
12
Let r = 7 + -5. Suppose -4*k = d - 216, -k - r*k = 0. Calculate the remainder when 6/10 + d/15 is divided by 8.
7
Calculate the remainder when 109 is divided by (-14)/35 - (-3)/(30/284).
25
Let k(b) = 6*b**2 - 5*b - 4. Let w(f) = -f**3 - 6*f**2 + 4*f - 4. Calculate the remainder when k(-3) is divided by w(-7).
14
Let a(z) = 2*z + 5. What is the remainder when a(5) is divided by 4?
3
Suppose 4*m + c - 4*c + 32 = 0, 4*c = 0. Let h = 47 + -25. Let x = h + m. What is the remainder when x is divided by 5?
4
Suppose 2*f - 7 - 5 = 0. Suppose n - 6 - f = 0. Suppose 2*l + 5*v - 29 = 0, 4*l = -2*v + v + 31. What is the remainder when n is divided by l?
5
Let p(d) = d**3 + 7*d**2 + 5*d + 14. Suppose 4*l - 73 = -2*x + 17, -5*x + 5*l = -180. What is the remainder when x is divided by p(-6)?
19
Let r = 25 - 19. Calculate the remainder when 21 is divided by r.
3
Suppose 3*a = 5*a - 30. Suppose -10 = -c - 2*o, -c + 3*o + 0 = 5. What is the remainder when a is divided by c?
3
Let r(a) = a**2 + 4*a. Let o be r(-5). Let x(j) = j**3 - 3*j**2 - 2*j + 7. Let q be x(o). Let t = q - 31. Calculate the remainder when t is divided by 6.
4
Let f be (-1 - -21)*(-6)/(-24). Suppose 0 = f*a - 2*k - 109, 4*a = 5*k + 81 - 4. What is the remainder when a is divided by 6?
5
Let r(a) = 2*a**3 - a**2 - 3*a - 13. Suppose -o + 6*o - 45 = 0. What is the remainder when r(3) is divided by o?
5
Let w = -2 + 3. Suppose 5*m + u = -w + 43, 0 = 3*m + u - 26. What is the remainder when 29 is divided by m?
5
Calculate the remainder when (-3 - -3 - -1)*7 is divided by 2.
1
Let l be (-7 + 7)*(-2)/4. Suppose 3*q + 6 = g - l, 4*q = 4. What is the remainder when 35 is divided by g?
8
Let l(m) = m**2 + 3*m - 4. Let c be l(-4). Let u = c - -29. What is the remainder when u is divided by 10?
9
Suppose -4*r + 137 = -v + 44, -v = 3*r - 68. Calculate the remainder when r is divided by 8.
7
Let h = 16 - 7. What is the remainder when h is divided by 4?
1
What is the remainder when 4 is divided by (-15)/3 + 4 - -4?
1
Suppose -i = -3*i + 4*f + 16, -3*i + 9 = -f. Suppose 8 = u + 4*k, -2*u + i*k + 0*k = -16. Calculate the remainder when 30 is divided by u.
6
What is the remainder when (12 + 0)*(-15)/(-20) is divided by 3?
0
Suppose -5*l = -491 - 249. Suppose 2*n + l = 3*u + n, 0 = -5*u + 4*n + 235. Let t = u - 8. What is the remainder when t is divided by 15?
13
Let x(r) = -r**2 + 8*r - 3. What is the remainder when x(3) is divided by 4?
0
Let p(u) = -u**3 - 9*u**2 - 6*u - 9. Calculate the remainder when p(-10) is divided by 31.
27
Suppose 0*x + 10 = 5*x. Let i(p) = 0*p**2 + 3*p**2 - 11 - 4*p**x - 10*p. Calculate the remainder when 14 is divided by i(-8).
4
Let w(v) = v**2 + 2*v + 5. Let f = 196 - 160. Calculate the remainder when f is divided by w(-4).
10
Let q = -7 - -15. Suppose 3*n + 4 = 1. Calculate the remainder when q is divided by 1 - -4*(-1)/n.
3
Suppose 5*z = 3*z + 2. Let y(m) = 9*m - 1. Calculate the remainder when y(z) is divided by 5.
3
Let p be 2/((-3)/(-2 - -20)). Let y = p - -17. Calculate the remainder when 8 is divided by y.
3
Suppose 5*i - 48 = -3*i. Calculate the remainder when 28 is divided by i.
4
Let k(i) = 10*i - 4. What is the remainder when k(5) is divided by 16?
14
Suppose -7*x - 42 = -10*x. Calculate the remainder when 27 is divided by x.
13
Suppose 9*y + 85 = 14*y. What is the remainder when 83 is divided by y?
15
Suppose 11*l - 15*l - 440 = 0. Calculate the remainder when (-6)/5*l/4 is divided by 17.
16
What is the remainder when ((-13)/2)/((-6)/12) is divided by 7?
6
Suppose -a - 4*a + 240 = 0. Suppose 76 + a = 4*c. Suppose l = 3*l - 22. What is the remainder when c is divided by l?
9
Suppose 4*p = y - 10, -14 + 4 = -5*p. Calculate the remainder when y is divided by 10.
8
Let p = -2 + 5. Suppose -14 = -2*t + p*c + 29, -3*c - 60 = -3*t. Calculate the remainder when t is divided by 9.
8
Let p = -7 + 12. Suppose 2*q - 5*q = -63. Let f = 30 - q. Calculate the remainder when f is divided by p.
4
Suppose 0 = 5*b - i - 971, -4*b - b + 3*i = -973. What is the remainder when b is divided by 49?
47
Let a(c) = 2*c + 4. Let r be a(6). Let g be (-4 - 0)*(-12)/r. Suppose 2*f + 3*f - 92 = 2*p, 51 = g*f + 3*p. Calculate the remainder when f is divided by 7.
4
Suppose -3*t + 6*t - 24 = 0. Let x(g) = -23*g + 4. Let h(q) = -11*q + 2. Let d(v) = 5*h(v) - 2*x(v). Calculate the remainder when d(-3) is divided by t.
5
Let v(i) = i**3 - 9*i**2 + 12*i - 10. What is the remainder when v(8) is divided by 12?
10
Let h be 14 + (0 + 2)/(-2). Let q = h - -1. What is the remainder when 55 is divided by q?
13
Let n = -10 + 27. What is the remainder when n is divided by (4/(-6))/(2/(-30))?
7
Suppose -6*a = 4*i - 2*a - 32, -3*a = 5*i - 34. Let u = -2 - -8. Suppose u = 2*r - 0*r. What is the remainder when i is divided by r?
2
Suppose -10 - 85 = -5*b. Let i(y) = y + 9. Let l be i(-5). Suppose x - 4*x - 4*p + 1 = 0, -l*x - 4*p = -8. What is the remainder when b is divided by x?
5
Suppose b = 2*b + 18. Let u = -8 - b. Let i = u - -18. Calculate the remainder when i is divided by 15.
13
Suppose -4*x = -5*y, -4*y + 36 = 3*x + x. What is the remainder when 22 is divided by x?
2
Let p(a) = -a**2 + 7*a - 2. Let w be p(7). Let x be 0/w - (2 + -131). Suppose 2*j - x = -j. Calculate the remainder when j is divided by 15.
13
Let u be (-2)/3 + (-886)/(-6). Suppose -5*r + u = -2*r. Suppose 3*i - 26 = 5*g - 65, -5*g - 2*i = -r. Calculate the remainder when 25 is divided by g.
7
Suppose -1 - 14 = 5*n. Let c be 0 + 3 + n + 3. Suppose -c*a = 2*a - 80. What is the remainder when a is divided by 9?
7
Let q = 21 - 19. What is the remainder when q is divided by 1?
0
Let a(r) = 2*r**2 + r - 1. Let n be a(-5). Suppose 0 = -y - 3*y + n. Calculate the remainder when 21 is divided by y.
10
Suppose 5 - 17 = -k. Let x = k - 8. Let l = 2 + 4. What is the remainder when l is divided by x?
2
Suppose 18 = 2*d - 2*x, 4*d + 29 = x + 71. What is the remainder when d is divided by 6?
5
Let l = 3 + 1. Let n = l - -7. Calculate the remainder when n is divided by 4.
3
Let z(m) be the second derivative of m**4/2 + m**3/2 - m**2/2 + 3*m. Let i(t) = 2*t**2 - 3*t - 5. Calculate the remainder when z(2) is divided by i(4).
14
Let x(f) = 23*f - 1. Let k be x(1). Suppose 0 = -4*v + k + 210. Calculate the remainder when v is divided by 20.
18
Suppose 0 = -0*y + 5*y - 95. Suppose c + b = 36, c + b + 3*b - 36 = 0. What is the remainder when c is divided by y?
17
Let r(l) be the third derivative of -9*l**4/8 + 8*l**2. What is the remainder when r(-1) is divided by 14?
13
Let v(s) = 2*s**2 - 4 - 1 - s**2. Let q(y) = 2*y**3 - 3*y**2. Let l be q(2). What is the remainder when 31 is divided by v(l)?
9
Suppose -3*m = m - 56. Calculate the remainder when m is divided by (1/(-2))/((-1)/16).
6
Suppose 8 = 2*p - 4. Let c = p - 3. Calculate the remainder when 8 - (-1 - -2)*3 is divided by c.
2
Let s(q) = q**2 + 6*q + 15. Calculate the remainder when 72 is divided by s(-6).
12
Let d(i) = i - 5. Let y be d(5). Suppose n + 3*n - 52 = y. Suppose -2*a = -a - 4. What is the remainder when n is divided by a?
1
Suppose 0*i + 2*a - 75 = -5*i, -10 = -2*a. Let q = i - 20. Let u = q + 11. What is the remainder when u is divided by 3?
1
Let u(k) = 26*k - 5. Calculate the remainder when u(3) is divided by 38.
35
Let a = -45 + 70. Let m = a - 14. Calculate the remainder when m is divided by 4.
3
Let i = 23 - 10. Let m be (-754)/(-6) + 6/(-9). Suppose 0 = -8*v + 3*v + m. What is the remainder when v is divided by i?
12
Let i(d) = d**